 be the second derivative of k**3 + k**2 - 25*k - 27. Suppose -11*f + 17*f = -24. Give i(f).
-22
Let g(n) = -1 + 2*n + 6*n - 14*n + 5*n. Let i = -255 + 248. What is g(i)?
6
Let o(z) be the third derivative of -z**6/60 - z**5/20 - z**4/4 - 11*z**3/6 - z**2 + 812. Determine o(-2).
5
Let r(s) be the first derivative of 2*s**3/3 - 7*s**2/2 + 3*s - 7415. Give r(3).
0
Let f(n) = -9*n + 9. Let c be f(-7). Let k(m) = 73 - c - 13*m**2 + 11*m**2 + m**3. What is k(2)?
1
Let y(b) = 46*b**2 - 17*b - 2. Let u(a) = 134*a**2 + 5*a + 1 - 159*a**2 + 4*a + 5 - 5. Let g(k) = 11*u(k) + 6*y(k). What is g(4)?
3
Let w(c) be the first derivative of -7/2*c**2 - 1/3*c**3 - 10*c - 69. Calculate w(-5).
0
Let l = -218 + 231. Let y(u) = -5*u**2 - l + 11*u + 7 + 4*u**2 + 2*u**2. What is y(-11)?
-6
Let b(g) = 1095 + 8125*g**2 - 1095 - 18*g**3 - 8124*g**2. Let l(j) = j**3 - 2*j**2 + 2*j - 3. Let w be l(2). What is b(w)?
-17
Let w(c) = c**3 + c**2 - c + 1. Let s(p) = 2*p**2 - 19*p + 23. Let z be s(9). Suppose z*u = 16 - 16. Calculate w(u).
1
Let n(l) = 3*l**2 - 11*l + 2. Let c be n(4). Let o(i) = -1 + 9091*i - 18189*i + 9097*i + 1. Calculate o(c).
-6
Let r be (19844/176 - 109) + -1 + 2/8. Let f(q) be the third derivative of 35*q**2 + 0 + 0*q + 1/120*q**6 - 1/30*q**5 + 2/3*q**r + 1/24*q**4. Calculate f(3).
16
Let u(q) = 11*q**3 + 74*q**2 - 21*q - 12. Let m(a) = -5*a**3 - 34*a**2 + 10*a + 5. Let k(r) = 13*m(r) + 6*u(r). What is k(-4)?
-55
Let h(r) = r - 2. Suppose 4*o - 3 = -s + 11, -o + 9 = 3*s. Suppose 0*d - 3 = k + d, -3*k - s*d - 10 = 0. Let c be (k/(-2))/((-4)/(-12)). Determine h(c).
4
Let o be (0 - (-9)/(-6))*4. Let j(h) = -3*h**2 + 2*h + 12. Let i = 179 + -162. Let w(t) = t**2 - t - 4. Let v(p) = i*w(p) + 6*j(p). Calculate v(o).
-2
Let p(d) = -136*d + 37*d + 76*d**2 + 101*d. What is p(-1)?
74
Let c(f) be the third derivative of f**4/8 + 11*f**3/6 - 769*f**2. Determine c(-7).
-10
Let v = -206 - -212. Let c(p) = -477 - v*p + 465 - p**2 - 4*p. Calculate c(-9).
-3
Let g(i) = -224*i**2 - 11*i + 27. Let m(o) = 597*o**2 + 33*o - 81. Let h(k) = -8*g(k) - 3*m(k). Give h(4).
-1
Let x(p) = 294*p + 157. Let s(y) = 54*y - 4. Let o(a) = -6*s(a) + x(a). Determine o(6).
1
Let s(w) = 2*w**2 + 9*w + 7. Suppose -5*g + 2 - 19 = 4*v, -5*v = -2*g - 20. Let h be ((-2)/2)/(g/(-20)). Let j be s(h). Let d(c) = -c**2 + c - 3. Give d(j).
-9
Let a(c) be the first derivative of c**2/2 - 12*c - 3. Suppose 0 = -4*l - 66*g + 65*g + 60, -g = -l + 20. What is a(l)?
4
Let f(m) = 607*m - 338*m - 15 - 267*m. Calculate f(5).
-5
Let l(i) be the first derivative of -4*i**2 + 37*i - 67. Let d(z) = -7*z + 35. Let h(g) = 6*d(g) - 5*l(g). Determine h(12).
1
Let q = 4137 + -4133. Let m(b) = b**2 + 5*b - 19. Calculate m(q).
17
Let t(p) = -p + 1. Let k(s) = s**2 + s + 5. Let a be k(-4). Suppose -a*g - 20 = 31. Give t(g).
4
Let g = -446 - -468. Let h(c) = -6 + c - 6*c - 5*c + 4 + g*c. Determine h(1).
10
Let o(m) be the first derivative of 11*m**4/2 - 55327. Suppose -6 = -h + 3*h. Let z be 3/9 + (-2)/h. Determine o(z).
22
Let a(c) = -c**2 + 5*c + 6. Let o(b) = 3*b + 9. Let h(p) = -15*p - 46. Let g(l) = 4*h(l) + 22*o(l). Let n be g(-15). Let w = 83 + n. Determine a(w).
-8
Suppose 44*u = 22*u + 21*u - 3. Let l(b) = b**3 + 4*b**2 + 3*b + 2. Determine l(u).
2
Let o be (-18)/(-4) + 5/10. Let z(l) be the first derivative of -l**4/2 + 8*l**3/3 + 4*l**2 - 5*l + 38953. What is z(o)?
-15
Let d(a) = -5*a**2 - 5*a - 7. Let t(i) = 4*i - 9. Let x be t(5). Let q(p) = 9*p**2 + 9*p + 13. Let b(w) = x*d(w) + 6*q(w). Determine b(-3).
-5
Let n(f) = f**2 - 8*f - 1. Let w(j) = -2*j + 10. Let m be w(7). Let u be m/(-5 + 78/18). Determine n(u).
-13
Let j = 222 + -220. Let w(a) = -82 + a - j*a + 92. What is w(7)?
3
Let j(n) = -n**3 + 8*n**2 + 2*n - 28. Suppose 0 = y + 4*s + 20, -s - 13 = y + 2*s. Give j(y).
-12
Let d(q) be the first derivative of 58 + 10/3*q**3 - 9/2*q**2 - 10*q - 1/4*q**4. Calculate d(8).
46
Let n(o) = o**2 + o + 1. Let s be (-2519)/231 + 11 + 214/(-42). Let y(u) = 0*u + 4 - 3*u - 6*u**2 - 10. Let j(t) = s*n(t) - y(t). What is j(4)?
9
Let h(o) = -o**3 - 18*o**2 - 2*o + 42. Let r be h(-18). Let s = -74 + r. Let z(v) = -2*v + s - v**3 + 2*v**2 - 12*v**2 + 5*v**2. What is z(-3)?
-8
Let d(t) = 2 + 2*t - 5 + 10 - 3. Suppose 8*p - 12*p = 12. Calculate d(p).
-2
Let y(r) = 10*r**2 + 191*r + 11. Let v be y(-19). Let h(s) = -8 - s - 2 + 1. Calculate h(v).
-1
Let q(n) be the first derivative of 10*n**2 + 12*n + 1200. What is q(-5)?
-88
Let o = 195 + -197. Let i(p) be the third derivative of p**5/12 + p**3/3 - 14*p**2. Let s(w) be the first derivative of i(w). Determine s(o).
-20
Let a be 9/(2*(-1)/(-12)). Let s be 2/(-4) - a/(-12). Let v(n) = -4*n + s + 13*n - 8*n. Give v(-10).
-6
Let v = 20 + -17. Suppose q - 1 - 2 = 0. Let x(s) = 31*s**2 + 4 - s**3 - 68*s**2 + 39*s**2 + q*s. What is x(v)?
4
Let d(q) = -q + 20. Let i be (506/44)/(54/(-12) + 5). What is d(i)?
-3
Let n(z) = z + 5. Suppose -12*g - 3277 + 3085 = 0. Determine n(g).
-11
Let v(a) be the second derivative of 2*a**4/3 + a**3/2 + 3*a**2/2 + 322*a. Give v(-3).
66
Let a(h) = h**3 - 4*h**2 - 4*h - 10. Suppose 0 = -11*f + 514 - 459. Calculate a(f).
-5
Let s(d) = d**3 - 12*d**2 + d. Let j be 13 - (3 - -4) - -6. Determine s(j).
12
Let m(x) = 11 + 18 - 5*x + 2 - 12 + 4*x. Give m(15).
4
Let d(y) = y**3 + 30*y**2 + 8*y + 10. Let n(h) = -31*h**2 - 3*h - 10. Let q(g) = 3*d(g) + 4*n(g). What is q(11)?
1
Let p(f) = 7*f + 10*f - 19*f + 16 - 3. Calculate p(7).
-1
Let x(l) = 15*l + 393. Let m(n) = 5*n**3 - 180*n**2 - 6*n + 189. Let g be m(36). Calculate x(g).
-12
Let o(h) = h**2 + 7*h - 5. Let m(c) = c**2 + 8*c - 5. Let u = -256 + 253. Let j(y) = u*o(y) + 2*m(y). Give j(-6).
-1
Let k(w) be the third derivative of -7/6*w**3 + 1/2*w**4 + 207*w**2 + 0 - 1/30*w**5 + 0*w. Determine k(5).
3
Let u = -108 + 112. Suppose -3*x - 3 = 0, 3*j = -3*x - 2*x + 1. Let p(r) = 1 - 4*r**j + 2*r - 3*r + 5*r**2. Determine p(u).
13
Let u(a) = -a + 1. Suppose 41*q - 4*v = 38*q + 44, -4*q + 4*v = -52. Calculate u(q).
-7
Suppose 139 + 65 = -4*b + 16*b. Let x(g) = -3*g + 37. Determine x(b).
-14
Let o = 22 - 16. Let u(z) = -17*z - 8. Let d(x) = 16*x + 7. Let m(q) = 4*d(q) + 3*u(q). Let p(l) = 11*l + 4. Let g(v) = -6*m(v) + 7*p(v). What is g(o)?
-2
Let n(r) = r + 24. Suppose 35*k - 30*k + 130 = 0. Let a be n(k). Let u(d) = -4*d**3 - 2*d**2 + d - 2. Determine u(a).
20
Let h(m) = -m**3 - m**2 + 6*m + 5. Suppose z - 5*t + 16 = -9*t, 12 = -2*z + 2*t. Let p(s) = -s**3 - 8*s**2 + 2*s + 13. Let n be p(z). Give h(n).
5
Let r(u) = u**3 - 2*u**2 - 4*u + 1. Let w be r(2). Let s(f) be the third derivative of f**6/120 + 7*f**5/60 + f**4/24 + 3*f**3/2 + 70*f**2 - 1. Determine s(w).
2
Let w = -2140 + 2141. Let n(s) = -11*s**3 + s - 2. What is n(w)?
-12
Let s(k) be the third derivative of k**5/60 - 7*k**4/24 + 2*k**3/3 - 1406*k**2 - 2*k - 2. Let q be (-14)/(-4)*(2 - 0). Determine s(q).
4
Suppose -5*o + 2*n = -15, -2*o - 3*n + 6 = -0*o. Let x = -2318 - -2348. Suppose 0 = -8*w + o*w - x. Let h(f) = 3*f - 3. Calculate h(w).
-21
Let v(q) = q. Let c = 137 + -138. Let y(h) = -9*h - 1. Let n(o) = c*y(o) - 6*v(o). Calculate n(2).
7
Let g(s) = -s. Let u(k) = -3*k - 3. Let m(n) = -2*g(n) + u(n). Let z(r) = -4. Let b(o) = -5*m(o) + 4*z(o). What is b(1)?
4
Let r(d) = 62*d + 254. Let n(y) = 20*y + 85. Let l(x) = 7*n(x) - 2*r(x). Let f be l(-6). Let q(v) = -2*v - 5*v - 11 + 5*v. Calculate q(f).
7
Let q(g) be the second derivative of 1/6*g**3 - 5 - 8*g**2 + 3*g. Give q(10).
-6
Let l(i) be the first derivative of 4*i**3/3 - i**2/2 + 233. Let b(q) = 25*q**2 + 2*q + 1. Let r(u) = -b(u) + 6*l(u). Calculate r(-6).
11
Let q(w) = 15*w**2 + 29*w + 15. Let j(r) = -33*r**2 - 66*r - 30. Let n(g) = -6*j(g) - 13*q(g). Give n(-7).
-1
Let d(b) be the second derivative of -b**3/6 + 9*b**2/2 + 3*b - 1. Let q(h) = h**2 + 9*h + 1. Let v be q(-10). Determine d(v).
-2
Let n(o) = 12 + 30*o - 404*o**3 + 403*o**3 - 31*o + 23*o**2. Calculate n(23).
-11
Let h(m) = -m**3 - 3*m**2 - 2*m + 3. Let g be (1548/(-72) - -22)/((-1)/(-2)). Determine h(g).
-3
Let s(m) = 5*m**3 + 7*m**2 + 9*m + 36. Let r(x) = x**3 - x**2 - 3*x + 2. Let f(l) = 4*r(l) - s(l). What is f(-9)?
-1
Let d(t) = 2*t - 1. Let b(q) = -218*q**2 - q + 0*q + 219*q**2. Let p be b(2). Let c be (0 - -2)/(9/(45/p)). Give d(